it of f?
1
Suppose 0 = -6*a + 59 + 1219. What is the hundreds digit of a?
2
Let p = 33 - 14. What is the units digit of p?
9
Let l = 0 + 0. Suppose 3*h + l*h = 12. Suppose 0 = h*m - 7*m + 33. What is the tens digit of m?
1
Suppose 5*d = -7 + 17. Suppose -3*y + q + 17 = 0, -3*q - q = d*y - 2. What is the units digit of y?
5
Let k(y) = 22*y**2 + 9*y + 2. Let t(x) = -11*x**2 - 5*x - 1. Let m(w) = 3*k(w) + 5*t(w). What is the tens digit of m(-1)?
1
Let j be 4 - 1 - (3 + -2). Suppose 3*a + j = -4*m, -5*a = -3*m + 5*m - 6. What is the units digit of a?
2
Suppose -5*z + 314 - 122 = -2*n, -n = -4. Suppose -2*a = 3*a - z. What is the units digit of (0 + a - 1) + 1?
8
Let y = 0 - -2. Suppose -y*o + 0*o - 2 = 0. Let q = o - -5. What is the units digit of q?
4
Let x(h) = 4*h**3 - h**2 - 3*h + 1. Let u be x(2). Suppose 5*s + 71 = 1. Let z = s + u. What is the units digit of z?
9
Suppose -c + 6*c + 5 = 0. Let t be (c - -14) + (-1)/(-1). Let o = -9 + t. What is the units digit of o?
5
Let s = -4 - -7. Suppose -2 = -w + s. What is the units digit of w?
5
Suppose -105*f + 127 = -104*f. What is the tens digit of f?
2
Let f(y) = y**3 - 5*y**2 + 6*y. Let m(u) = u**2. Let l be m(-2). What is the units digit of f(l)?
8
Let z = -129 + 91. Suppose 2*i + 6 + 1 = 3*h, -5*i = 3*h - 14. What is the tens digit of i/(-3)*(z + -1)?
1
Suppose -3*g = -3 - 3. Suppose -5*p + 4*p = -g. Suppose 2 = -y - p*s + s, s = -2*y. What is the units digit of y?
2
Suppose 147*a = 143*a + 804. What is the tens digit of a?
0
Let q(o) be the second derivative of -3*o**3 + o**2 + 6*o. What is the tens digit of q(-2)?
3
Let y(a) = a**3 + a**2 + 25. What is the tens digit of y(0)?
2
Let k = -42 + 35. Let j be 4/(5/(-7) - -1). Let q = j + k. What is the units digit of q?
7
Suppose -i + 62 = 3*i - 2*c, 2*c + 14 = i. Let g(f) = f + 15. Let n be g(-10). Suppose d = i - n. What is the units digit of d?
1
Let f(u) = u**2 - 4*u - 11. Let n be f(5). Let d = n - -12. What is the units digit of d?
6
Suppose 5*y - 15 = a, 2*y + 0*a + 4*a = 6. Suppose -y*t = 3*k - 39 - 6, 3*t + 19 = k. What is the units digit of k?
6
Let g be (-1 - 0)/((-4)/32). Suppose g = 4*o - 3*o. What is the units digit of o?
8
Let w(c) = 9*c**3 - c**2 - c. Let y be w(2). Suppose -y = -2*g + 36. What is the units digit of g?
1
Let x = 9 + -7. Let b be (-4 - -2)*x/(-1). Suppose v = -b*v + 60. What is the units digit of v?
2
Suppose 3*g - 6 = 2*y, -5*g = 4*y + 8 + 4. Let u be 2 + 7 + (y - -3). Let j = u - 0. What is the units digit of j?
9
Suppose 144 = -0*w - 3*w. Let q = w - -78. Suppose -5*p - g + 72 = 0, 0 = 5*p + 4*g - q - 33. What is the units digit of p?
5
Let p(q) = 7*q**2 + 3*q - 6. What is the tens digit of p(-4)?
9
Let o(z) = 21*z**2 + 2*z - 6. What is the tens digit of o(3)?
8
Let h(q) = -q + 4. Let o(p) = p - 3. Let i(d) = 5*h(d) + 6*o(d). What is the units digit of i(2)?
4
What is the tens digit of (7/(-3) + -1)*(-48)/4?
4
Suppose -5*m - 13 - 17 = 0. Let r = m - -15. What is the units digit of r?
9
Let m(v) = 2*v + 2. Suppose -3*l - 2*s + 18 = 0, 2*l - s - 12 = -0*l. Let a be 1 + (-1)/(-2)*l. What is the units digit of m(a)?
0
Let p = -8 - -30. Let u = -13 + p. What is the units digit of u?
9
Let y be (0 + 1)/((-11)/(-209)). Suppose 6*k - y = 5*k. What is the units digit of k?
9
Let o be -2*((-12)/(-8) + -1). What is the units digit of o/((2/1)/(-6))?
3
Let x(v) = 3*v + 2. Let s be ((-6)/4)/((-3)/6). What is the units digit of x(s)?
1
Let o(u) = u - 1. Suppose t - 2*t = 15. Let p = -9 - t. What is the units digit of o(p)?
5
Suppose 5*w = -l - 23, -5*l = -10*l - w + 5. Let h(x) = x**3 - x**2 + 4*x - 3. What is the units digit of h(l)?
9
Suppose -4*r = k - 369, -r - 5*k - 157 = -3*r. What is the units digit of r?
1
Suppose -2*k - 22 = -4*k. Suppose -10 = -3*c + k. What is the units digit of c?
7
Suppose 7*c + 4*t - 38 = 2*c, 4 = c - t. Let l = -3 + c. What is the units digit of l?
3
Suppose 0 = 4*f - 7*f + 129. What is the tens digit of f?
4
Let b = -16 + 22. Suppose -2 = -2*q - b. What is the units digit of (0 + q)/(4/(-6))?
3
Let u(x) = -18*x - 21. What is the units digit of u(-7)?
5
Let k(l) = -2 + 2*l - l + 0*l. Let s(a) = a**3 - 3*a**2 - 3*a. Let n be s(4). What is the units digit of k(n)?
2
Let i(s) be the third derivative of -s**6/720 + s**5/15 - s**4/12 - s**2. Let b(d) be the second derivative of i(d). What is the units digit of b(4)?
4
Suppose 5*w + 7 = -4*d - 0*d, d - 17 = 5*w. What is the units digit of (-2 - w) + 2/2?
2
Suppose -5*h + 464 = -206. What is the hundreds digit of h?
1
Suppose 2*b = 6*b + 264. What is the units digit of (b/9)/((-1)/3)?
2
Let r = 5 - 3. Suppose 3*d = -2*m + 281, -3*m + r*d + 149 = -253. Suppose -5*y - 46 = -m. What is the tens digit of y?
1
Let v be (-9)/(-2)*12/(-9). Let f(o) = -o**2 - 7*o. What is the units digit of f(v)?
6
Let r(g) = g**2 - 9*g + 3. What is the tens digit of r(13)?
5
Let i = 20 - 48. What is the tens digit of (-3)/(-3 - i/10)?
1
Let l(r) = -4*r**2 + 3*r**2 + 3*r + r + 2. Let m be l(4). Suppose 0 = 5*g - 25, -5*w + m*g + 51 = 6. What is the tens digit of w?
1
Let y = -1 + 18. Let n = 26 - y. What is the tens digit of (-1)/(-3) - (-123)/n?
1
Suppose -4*l - 28 = 4*x, x + 0*l + 1 = l. What is the units digit of x/14 - (-58)/7?
8
Suppose 0*u + 4*j = -4*u - 16, -2*j = -3*u + 13. Suppose -5*t + u = -4*t. What is the units digit of t?
1
Let k(r) = -r**3 - r**2 + 2*r + 2. What is the units digit of k(-4)?
2
Let s = -3 - -8. Suppose 5*g + 70 = -5*r, -s*r + 5*g = -9*r - 60. What is the units digit of (24/(-4))/(4/r)?
5
Let u = 7 - 5. Suppose -6 = u*f - 5*f. Suppose 5*n + 6*h - f*h - 21 = 0, 2*n + 4*h = 6. What is the units digit of n?
5
Suppose 5 - 15 = -5*h. Suppose -2*w - r = -3*w - 38, -h*r = 4*w + 152. Let z = w - -57. What is the tens digit of z?
1
Suppose 10 = 4*h - 14. What is the units digit of h/(-30) + (-32)/(-10)?
3
Let y(r) = -5 + 5*r + 0*r - 2*r. Suppose -2*l - l = -15. What is the tens digit of y(l)?
1
Let i(o) = 3 - 4 + 7*o + o**3 - 3*o + 0*o - 3*o**2. What is the units digit of i(3)?
1
What is the units digit of ((-228)/(-48))/((-2)/(-8))?
9
Suppose 4*j - 228 = 5*i, -j - 3*i + 32 = 2*i. What is the units digit of j?
2
Let a = 212 + -144. What is the tens digit of a?
6
Suppose -4*y = 1 - 5. What is the units digit of y?
1
Let u be (-2)/3*(-12 - 0). Let x(p) = -p**2 - 10*p + 11. Let t be x(-11). Suppose -u = -w - t. What is the units digit of w?
8
Suppose -4*r + g + 39 = -37, 0 = 4*r - 5*g - 92. Let x be (0 + 0)/(3/(-1)). Suppose x = 5*d - r - 37. What is the tens digit of d?
1
Let g(b) = -b**2 - 12*b - 2. Suppose -3*t + 50 = -34. Suppose -3*w - 29 = 2*j, -5*w - j - t - 25 = 0. What is the units digit of g(w)?
9
Suppose 0*k - 5*l + 121 = k, k = -4*l + 124. What is the tens digit of k?
3
Let q(g) = -8*g**3 + 2*g**2 + g. Let d be (-2)/(-3) - (-14)/6. Suppose 0 = d*n - n + 2. What is the units digit of q(n)?
9
Suppose 0 = s - 4*b - 11, 6*b - b = 5. What is the units digit of s?
5
Suppose -5*d = -4 + 14. Let y be (-52)/8 + (-1)/d. What is the units digit of (-8)/6*9/y?
2
Let u(d) = -d**2 + 5*d - 1. Let a(n) = -n**2. Let b(i) = 2*a(i) - u(i). What is the units digit of b(-5)?
1
Suppose -3*q + 2*o - 11 = 0, 4*q + 4*o + 8 = -0*o. Let i be ((-1)/3)/((-2)/36). Let r = q + i. What is the units digit of r?
3
Suppose 2*b - 16 = -2*b. Suppose 9 + b = r. What is the units digit of r?
3
Let o = 11 - 4. Let s(f) = f**3 - 8*f**2 + 8*f - 3. What is the units digit of s(o)?
4
Suppose 70 = -2*v - 3*v. Let y = v - -26. What is the units digit of y?
2
Let d be 20/6 - 2/6. Suppose 0 = 5*i - t - 37, 4 = d*i - i - 4*t. What is the units digit of i?
8
Suppose 0 = 2*h, 0*h - 2*h = 3*b - 96. What is the units digit of b?
2
What is the tens digit of 1014/21 - (-14)/(-49)?
4
Suppose 6*z - 732 = 516. What is the tens digit of z?
0
Let v be 0/(3 + 0) + 3. Suppose d = 5*p - 71, v*d + d = p + 1. What is the units digit of p?
5
Let x(j) = 29*j - 16. What is the hundreds digit of x(7)?
1
Let b(h) = h**2 + 5*h + 3. Suppose -3*x + 8*x + 5*z = -15, -2*x = 5*z + 3. Let u be b(x). Let w = 6 + u. What is the units digit of w?
5
Let v be (2 - 1)/1*4. Suppose -v*p = -0*p. Suppose p = -f - 2*f + 3. What is the units digit of f?
1
Let z(u) = -u**2 + 6*u - 2. Let w be z(5). Suppose -3*i - w*o + 27 = -0*i,